 z**2. What is m(3)?
-11
Let b(a) = 13*a**3 + 2*a**2 - 15. Let q(r) = 7*r**3 + r**2 - 7. Let y(u) = 6*b(u) - 11*q(u). Suppose 0 = 4*j + 4*i - 17 + 9, 6 = -4*j + 3*i. What is y(j)?
-13
Let c(s) = -2*s + 2. Let f = 386 + -379. Give c(f).
-12
Suppose -6 = -2*t + 4. Let s(z) = -z**3 + 5*z**2 + z + 1. Determine s(t).
6
Let l(z) = z**3 - 3*z**2 + 2*z - 3. Let r(a) = a**3 + 5*a**2 - 4*a + 14. Suppose 8*m + m + 54 = 0. Let b be r(m). Give l(b).
-3
Let f = 5 - 3. Let h = 639 - 638. Let t(z) = h + 1 - 3*z + z - f*z. Determine t(2).
-6
Let b = -677 + 675. Suppose 0*j + d = -j - 1, -23 = -j + 5*d. Let p(z) = 0*z - 5*z**2 - 2*z + z**2 - 2*z**j + 1. Give p(b).
5
Let p = -7 - -2. Let a(n) be the second derivative of -6*n + 0 + 1/3*n**3 + 1/2*n**2 - 1/20*n**5 - 5/12*n**4. What is a(p)?
-9
Suppose -34*z = -35*z + 25. Suppose 5*t = 5 - z. Let k(u) = 2*u**2 - 3*u - 10. Let a(h) = -h**2 - h + 1. Let o(n) = 4*a(n) + k(n). Give o(t).
-10
Let y(i) = -5*i - 19. Let a be y(-23). Let s = a - 90. Let x(b) = -2*b + 4. Determine x(s).
-8
Let y be 0/4 - (-1 + 1). Let v(s) = s - 16. Give v(y).
-16
Let s(t) be the first derivative of 1/6*t**3 + 0*t - 1/24*t**4 - 5 + 5/2*t**2. Let f(y) be the second derivative of s(y). Give f(-3).
4
Let q(n) = -5*n - 7*n**2 - 1 - 23*n**2 + 29*n**2 - 3. Let f = -8 - -4. What is q(f)?
0
Let k(l) = l**3 + l + 28. Let r = -8 + 8. Let g be k(r). Suppose -2*p + 2 = 5*t, -4*p + 8*p - 2*t = g. Let w(c) = -c**2 + 6*c + 6. Determine w(p).
6
Let f(d) = 4*d**2 + 2*d - 1. Let m be f(1). Suppose 4*x = -3*w + 2, 5*w + 14 = 4*x - 2*x. Let n(c) = 0 + 0 + c**2 - x*c - c - 4. Determine n(m).
6
Let p(h) = -34*h - 41*h + 109*h - 33*h + 9. What is p(0)?
9
Let j = 275 + -270. Let y(f) = -f**3 + 3*f**2 + 6*f + 4. Determine y(j).
-16
Let w = 192 + -191. Let s(p) = -11*p**3 - p**2 + 2*p - 1. Determine s(w).
-11
Let z(w) = -w - 3. Let k be z(-6). Let r(d) = 4*d + 3 + 0*d - 5*d. Calculate r(k).
0
Let s(l) be the third derivative of -l**7/2520 - l**6/120 - 11*l**5/60 + 28*l**2. Let m(f) be the third derivative of s(f). Determine m(-6).
6
Let x = -132 - -132. Let h(y) be the first derivative of 2*y**3 - 1/2*y**2 + 3 + x*y. What is h(1)?
5
Let k(a) = 1 + a + 0 - 4*a + a**2. Let b(p) = -p**3 - 13*p**2 - 11*p + 15. Suppose 0 = -2*i + i - 12. Let n be b(i). Calculate k(n).
1
Let a(d) = -d**3 - 1. Let p(c) = 6*c**3 + 4*c**2 + 7. Suppose -5*b + 0 = -5. Let s(k) = b*p(k) + 5*a(k). What is s(-4)?
2
Let h(j) be the third derivative of j**4/4 + 7*j**3/3 - 3*j**2 - 167*j. Determine h(-4).
-10
Let u(z) = 3*z**2 - z. Let b(n) = -15*n**2 + 2*n + 1. Let s(q) = b(q) + 2*u(q). Determine s(-2).
-35
Let p(l) = -5*l**2 - 10*l - 13. Let w(t) = 6*t**2 + 11*t + 15. Let d(v) = 5*p(v) + 4*w(v). Determine d(-5).
0
Let u(c) = -6*c + 6. Let b(d) = -d**3 - 18*d**2 + 2*d + 42. Let t be b(-18). Give u(t).
-30
Suppose -2*o + 40 = 6*o. Suppose -7 - o = -4*w. Let i(a) = -2*a**2 + 4. What is i(w)?
-14
Let k(n) = n - 1. Let p(s) = -2*s + 1. Let g(m) = k(m) + p(m). Let j be ((-5)/(-3))/(2/6). Suppose o = -2*w - 5, -j*o + w - 2*w = -11. Determine g(o).
-3
Let u(a) = a**3 - 8*a**2 + 6. Suppose 5*d - 16 - 9 = 0. Suppose -37 = -4*v + t, -2*v + 6*v + d*t - 7 = 0. Let o be u(v). Let m(i) = i - 2. Determine m(o).
4
Let b(q) = -45*q**2 - 9*q - 13. Let m(g) = 23*g**2 + 5*g + 7. Let x(r) = 6*b(r) + 11*m(r). Determine x(1).
-17
Let c(o) = o**3 - 4*o**2 - 5*o + 2. Let g(r) = 2*r**3 + r - 2*r - 7*r**2 - 8*r + 5. Let k(q) = 5*c(q) - 2*g(q). Suppose -21 = 9*p - 12*p. Calculate k(p).
0
Let v(s) = s**3 - 9*s**2 + 3*s - 9. Suppose -2 + 18 = g. Suppose -3*f - g + 43 = 0. Calculate v(f).
18
Let h(s) = -16*s + 34*s - 6*s - 14*s - 6. Let k be (0 - 0/(-1)) + 6. Give h(k).
-18
Let f(d) = 2*d**3 + 9*d**2 - 7*d - 14. Let a be f(-5). Let t(r) = -r - 1. Give t(a).
3
Let s(c) = -2 - 4 + 1 + 7 - c**2. Calculate s(-4).
-14
Let n = -1393 + 1399. Let q(a) = 9*a + 2. Give q(n).
56
Let b be (5/5)/((-2)/4). Let v be b/(-11) + 26/(-22). Let z(i) = i**3 + 1. Calculate z(v).
0
Let m(a) be the first derivative of a**3/3 + 17*a**2/2 + 62*a + 654. What is m(-12)?
2
Let z(g) = g**2 - 5*g + 3. Let d(u) = -u**3 - 8*u**2 - 7*u - 3. Let j be d(-7). Let c be 10/(j - 2) + 4. Calculate z(c).
-3
Suppose 2*w + 4 = 3*b - 21, 5*b - 2*w = 39. Let r(l) = -6 + 0*l + 1 - b*l + l**2. Suppose 13*t - 119 = -4*t. Determine r(t).
-5
Let y(n) = -3*n + 1. Let o(f) = -16*f + 4. Let x(d) = 2*o(d) - 11*y(d). Suppose 4 = 4*w + 3*b, w + 5*b = b - 12. Suppose 5 = w*r - 23. Give x(r).
4
Suppose 0*z - 4*z = -4*u - 36, -2*u - 4*z = -12. Let l(x) be the third derivative of 1/24*x**4 + 5 - 2*x**2 - 2/3*x**3 + 0*x. Calculate l(u).
-8
Let w(y) be the third derivative of -y**4/24 - 17*y**3/6 - 66*y**2. Determine w(-18).
1
Suppose -p + 2*p = -3*k - 6, 5*p + 19 = -4*k. Let m be k/(-5) + (-64)/(-5). Suppose -5*r - m + 3 = 0. Let n(x) = -4*x. Give n(r).
8
Let d(k) = 7*k - 5. Let b(t) = -13*t + 9. Let f(p) = 4*b(p) + 7*d(p). Suppose 165*q = 160*q + 15. What is f(q)?
-8
Suppose 5*m = 2*s + 252, 5*m - 61 = 5*s + 194. Suppose -12 = o - 4*a, 0 = 4*o + 3*a - m + 22. Let q(i) = i - 4. Determine q(o).
0
Let g(c) = 13*c - 5. Let y(f) = -f**2 + 6*f - 4. Let r be y(0). Let x(w) = 7*w - 2. Let o(b) = r*g(b) + 7*x(b). What is o(4)?
-6
Let y(l) = -4*l - 7. Let k(j) = 2*j + 1. Let m(c) = c. Let f(w) = -k(w) + m(w). Let r(q) = 6*f(q) - y(q). Determine r(3).
-5
Let w(y) = 39*y - 4. Let k(p) = -21*p + 2. Let h(l) = 5*k(l) + 3*w(l). Calculate h(3).
34
Let t(r) = -6*r**2 - 2*r + 1. Let v be (-218)/11 + (-2)/11. Let u = -22 - v. Let m be 3 + 1 + u - 1. Determine t(m).
-7
Let f(l) = 5*l - 13*l + 5*l - 1 + 5*l**2 - l**3. Let h(q) = -q**3 + 10*q**2 - 9*q + 2. Let k be h(9). Let s = k + 1. Determine f(s).
8
Let l(k) = 3*k + 2. Suppose i = 2, -6*j + i + 23 = -j. Determine l(j).
17
Suppose -2*j + 3*p = -25, 4*j + 2*p = -p + 95. Suppose 4*u + 35 = 3*g, u - 5*u = j. Suppose 5 + 15 = -g*m. Let h(x) = -x**2 + 4. What is h(m)?
-12
Let i(g) = -5*g**2 + 10*g - 12. Let r(z) = -4*z**2 + 9*z - 11. Let x(p) = -5*p - 2. Let a be x(-1). Let d(y) = a*i(y) - 4*r(y). Calculate d(6).
8
Let j(f) = -f**2 + 5*f + 2. Let a(w) = 1. Let y(n) = 6*a(n) + j(n). Let p be y(6). Let b(o) = 3*o - 1 + 4*o**2 + o**2 - 2 - 3*o**2. Determine b(p).
11
Suppose 0 = 3*r + 3 - 9. Let c(y) = 3 + 0 - y**r + 1 + 3. Calculate c(0).
7
Let l(h) be the first derivative of h**4/2 + 10*h**3/3 - h**2/2 - 4*h + 720. Give l(-5).
1
Let d(k) be the first derivative of -k**2/2 - 2*k - 266. Let q = -8 + 12. Give d(q).
-6
Let r = -294 + 299. Let h(j) = -j**3 + 5*j**2 + 2*j + 2. Give h(r).
12
Let f(i) = 2*i + 9. Let l(m) = -m**2 - 5*m. Let q be l(0). Calculate f(q).
9
Let q(d) = -29*d - 26*d + 107*d - 29*d - 27*d. Give q(-4).
16
Suppose -o + 0*h = -2*h + 2, 0 = o + h - 4. Let i(n) = 7*n - 20*n + o + 9*n - n**2. Give i(-5).
-3
Let n(t) = 4 + 23*t - 22*t - 5. Let h(i) = 1. Let l(o) = 2*h(o) + n(o). Determine l(-3).
-2
Let t(i) be the third derivative of 3*i**4/8 - i**2. Let x(m) = 6*m**3 + 0*m**3 + m - m**3 - 6*m**3 + m**2. Let p be x(1). Give t(p).
9
Suppose -5*x + 5*h + 25 = 0, 0 = 5*x - 4*h - 20 - 2. Suppose 4*u = x*u - 2. Let j(i) = -i**3 - i**2 - i - 1. Give j(u).
0
Suppose -4*t = 3*r - 80 - 44, -4*t = -5*r + 196. Suppose 2*b - 7*b = r. Let y(p) = p**3 + 9*p**2 + 8*p + 1. What is y(b)?
1
Let x(k) be the second derivative of -k**6/240 + 7*k**4/12 - 7*k. Let d(z) be the third derivative of x(z). Let g = -40 - -41. Determine d(g).
-3
Let d be (-154)/(-10) + 0 + (-14)/35. Suppose d = 3*u, -9 = 3*l - l - u. Let s(h) = 2*h**2 + h + 1. Determine s(l).
7
Let t(o) = -o**2 + 6*o - 4. Let n(p) = 6*p**3 + p**2 - p - 3. Let b be n(-2). Let u be (-3 + b/(-5))/2. Calculate t(u).
5
Let n(w) = 3 + 25*w**2 - 99*w**2 - 4*w + 76*w**2 + 5*w**3. What is n(2)?
43
Let n(z) be the second derivative of -z**4/12 + 5*z**3/6 + z**2/2 + 2*z. Let f = 3 - 1. Let d = f - -4. What is n(d)?
-5
Suppose -52 + 10 = 7*y. Let s(b) = -b**2 - 8*b - 3. Give s(y).
9
Let j(g) = -7*g**2 + 162 - 505 - g**3 + 2*g**2 + 168 + 169 + 14*g. Give j(-7).
-6
Suppose 2*v = v - 1. Let y = -6 + v. Let d(z) be the second derivative of -z**4/12 - 3*z**3/2 - 5*z**2 - 320*z. Calculate d(y).
4
Let j(t) = -14 + t + 0*t + 10 + 3. Let o(g) = -5 + 13*g - g - 3. Let f(d) = 8*j(d) - o(d). Determine f(1).
-4
Let d(x) = x**2 - 7*x - 2